ppose -l*u + 36 = u. What is the units digit of u?
9
What is the units digit of 35 + 2/(4/(-6))?
2
Let k be (-2)/(-8) - (-15)/4. What is the units digit of (-2)/k*-12*1?
6
Suppose -93 = -5*m - s, 105 = m + 4*m + 5*s. Suppose -p - 5*q + m = 0, -2*p + 27 = 2*p + 5*q. What is the units digit of 0 - (p + -1) - -7?
5
Let g(r) = 2*r + 18. What is the units digit of g(-6)?
6
Suppose -7*b = -11*b + 160. What is the units digit of b?
0
Let v(s) = -s**2 - 14*s - 2. What is the tens digit of v(-11)?
3
Suppose 4*x = w - 5*w + 1364, 3*w + 4*x = 1018. What is the hundreds digit of w?
3
What is the units digit of 10*((0 - (-20)/8) + 0)?
5
Let b be 2*(-3 + 7/2). Let c = 9 - b. What is the units digit of c?
8
Suppose o + 3*o - 31 = 5*x, 5*o = -5. Let t(c) = 5*c - 27. Let y(r) = -3*r + 14. Let v(g) = x*y(g) - 4*t(g). What is the units digit of v(0)?
0
Let l(t) = 8*t - 12. What is the units digit of l(3)?
2
Suppose 3*w + 4*a = 26, -4*a - 5 = -25. Suppose 3*t = 3*x - 15, 5*t = w*x + x - 21. What is the units digit of x?
2
Let p = -25 - -13. Let q be (3/(-6))/(2/p). Suppose -h + q*b - 7*b = -14, -4*b + 8 = -2*h. What is the units digit of h?
2
Let t(i) = -i**2 + 12*i + 19. Let n be t(13). Let r be (-12)/5 - (-2)/5. What is the units digit of (1/(-3))/(r/n)?
1
Let b = 11 - 6. Suppose 0 = -c + b - 2. Suppose 0 = -c*w + 13 + 14. What is the units digit of w?
9
Let d = 75 + -26. What is the units digit of d?
9
Suppose 0 = -2*y + 2, 5*y + 180 = 3*w + 2*w. What is the tens digit of w?
3
Let z(i) = -i**3 + 4*i**2 + 4*i + 3. Let b be z(-2). Let s be (-32)/(-6) + 1/(-3). Suppose s*y - b = 36. What is the tens digit of y?
1
Suppose 88 = 4*d - 4*w, 4*d + w - 134 = -51. Let r be (-1 + 6/9)*d. Let f = 18 + r. What is the tens digit of f?
1
Suppose 0 = 5*q + 4*j - 1040, 0 = -4*q + 5*j + 187 + 604. What is the hundreds digit of q?
2
Suppose -32 - 16 = -6*v. Let b be ((-9)/4)/((-3)/40). Suppose 4*q - v = -0*q, -4*m = 5*q - b. What is the units digit of m?
5
Let o(d) = d**3 + 9*d**2 + d + 8. Let j be o(-9). Let n = 18 + j. What is the tens digit of n?
1
Suppose -3*d + 17 = 4*g + 4, 0 = d - 4*g + 1. Suppose 2*t = d - 15. Let b(r) = r**3 + 6*r**2 - 2*r - 4. What is the units digit of b(t)?
8
Suppose 3*u - 41 = 487. What is the units digit of u?
6
Let p = 22 - -9. Suppose -6*u + 5*u + p = 0. What is the tens digit of u?
3
Let o = -45 - -76. What is the units digit of o?
1
Let s be 3 - 0/(-3) - 3. Let l(x) = -x - 10*x - x**2 + 4*x + s*x. What is the units digit of l(-6)?
6
Suppose 7*h - 3*h - 4*j = 32, 3*j + 48 = 5*h. Suppose -3*y + 0*y = -h. What is the units digit of y?
4
Suppose z = -4*o + 451, -3*o + z + 455 = 122. What is the hundreds digit of o?
1
Suppose -165 = 2*b - 7*b. What is the units digit of (1 + b)/(-1 + 3)?
7
Let w(t) = -t**3 + t**2 + t - 7. Let o be w(0). Let d(c) = c. Let l(a) = -2*a + 2. Let y(u) = -4*d(u) - l(u). What is the tens digit of y(o)?
1
Let i = 21 - -27. What is the units digit of i?
8
Let p(f) = 5*f**2 - 11*f - 22. Let r(t) = 3*t**2 - 5*t - 11. Let w(k) = -4*p(k) + 7*r(k). Let z be w(-8). Suppose -15 = -3*u + z. What is the units digit of u?
6
Suppose -3*p - 2 = -4*m, 2*m + 3 = -5*p - 35. Let r be ((-50)/(-15))/((-2)/p). What is the units digit of (-1*(1 + r))/(-1)?
1
Let j be (-1)/(-3) - (-2)/(-6). Let x be j/2 + -1 + 15. Let q = -9 + x. What is the units digit of q?
5
Let a = -21 - -42. What is the tens digit of a?
2
Suppose o = -3, -2*o - 25 = -h - 6*o. What is the tens digit of h?
3
Let h(j) = j**3 + j**2 + 12. Let m = -1 - -1. What is the tens digit of h(m)?
1
Suppose 2*v + 3*v = -160. Let z = 49 + v. What is the units digit of z?
7
Let t = -8 + 11. What is the tens digit of (-88)/(-6)*t/2?
2
Let v = 4 - -6. What is the tens digit of v?
1
Let x(j) = j**3 - 8*j**2 - 4*j - 1. Let s(i) = i. Let w(v) = 6*s(v) - x(v). What is the tens digit of w(9)?
1
Let i(n) = -n**2 - 6*n - 4. Let g(y) = y**2. Let o(d) = -2*g(d) - i(d). Let s(l) = -l**3 - 11*l**2 - l - 5. Let b be s(-11). What is the units digit of o(b)?
4
What is the units digit of ((-24)/5)/((-8)/40)?
4
Let o(f) = f**3 + 10*f**2 + 7*f - 8. Let s be o(-9). Let v be (15/s)/((-1)/6). Let h = 7 - v. What is the units digit of h?
6
Let a(t) = 11*t + 36. What is the units digit of a(3)?
9
Let p = -19 + 42. What is the units digit of p?
3
Suppose 1 = -m - 4. Let f be (4/(-1))/(m - -4). What is the tens digit of (-30)/(-3) + f + -2?
1
Let w(z) = -26*z - 17. What is the hundreds digit of w(-6)?
1
What is the hundreds digit of 231 - (4 + 1)*8/(-10)?
2
Suppose -414 = 11*q - 14*q. What is the units digit of q?
8
Let j(m) be the first derivative of m**5/20 - m**4/2 + m**3/3 + 7*m**2/2 - 4*m + 3. Let x(v) be the first derivative of j(v). What is the units digit of x(6)?
9
Suppose 5*h = -3*j + 151, 2*h + 2*h = 8. What is the units digit of j?
7
Suppose n - 37 = v, 5 = 2*v - 1. What is the units digit of n?
0
Suppose -5*p = 2*d + 40, 0 = -2*d - 6 - 4. Let b(s) = -3*s - 5. What is the units digit of b(p)?
3
Suppose 0 = -2*t + t + 3. Let a(q) = -t*q - 1 + 1. What is the units digit of a(-2)?
6
Let q(i) = 6*i**2 + 9*i - 1. What is the units digit of q(-8)?
1
Suppose -2*t - 4*l + 99 + 55 = 0, 5*t - 353 = -2*l. What is the units digit of t?
9
Let b = 33 - 19. Suppose 0 = -4*p + 14 + b. What is the units digit of p?
7
What is the units digit of (-1)/((-3)/21 - 0)?
7
Let r(q) be the first derivative of 5*q**3/3 - q**2 - q - 1. What is the units digit of r(-1)?
6
Let w(j) = -j - 9. Let p be w(-7). Let r be 30/(-9)*3/p. Suppose 0 = 5*t - r - 35. What is the units digit of t?
8
Let i(g) = -g**3 + 7*g**2 - 4*g - 3. Let d be i(5). Suppose 0 = t - 2*t - z + d, 2*t - 54 = 2*z. What is the tens digit of t?
2
Suppose 2*t - 4*l - 270 = 0, -123 = 4*t - 5*t - 4*l. What is the hundreds digit of t?
1
Let q be (-10)/14 + 2/(-7). Let g be (q*(0 - -1))/(-1). Suppose 0*a + g = -4*a + 5*z, -a + z = 0. What is the units digit of a?
1
Let o be 8/(-6)*(-6)/2. Suppose 0*y + 2*i + 6 = -y, o*y = -i + 4. What is the units digit of y?
2
What is the tens digit of 2 - (0 - (-2 + 0) - 76)?
7
Let p = -161 - -329. What is the hundreds digit of p?
1
Let u = -5 + 10. Let m = u + -2. Suppose -5 = -m*j + 7. What is the units digit of j?
4
Suppose 153 + 422 = 5*s. What is the tens digit of s?
1
Suppose 6 = 5*y - 9. Let o be (1 + -1)*(y + -2). Suppose 3*m - 4*w + 6 = -o*m, -5*w = -4*m - 7. What is the units digit of m?
2
Suppose w + 4*m = 56, -w + 0*m + 3*m = -21. Let x = 71 - w. What is the tens digit of x?
3
Let y = -1 - -1. Suppose 5*f - 26 - 24 = y. What is the units digit of f?
0
Suppose -m - 487 = 5*y, -4*m = y + 3*y + 1964. What is the tens digit of 10/(-55) + m/(-44)?
1
Suppose -245 + 57 = -5*h - 3*p, h - 35 = 2*p. What is the tens digit of h?
3
Let k be 1/(-2)*-2 - 79. What is the tens digit of (-1)/(2*3/k)?
1
What is the units digit of 1 + 1 - 3 - -59?
8
Let x(m) = -4*m**2 - 9*m - 9. Suppose 6*a - a + 15 = 0. Let v(n) = 3*n**2 + 9*n + 8. Let s(r) = a*v(r) - 2*x(r). What is the units digit of s(-7)?
8
Suppose 0 = -5*o + 25, 3*b + 0*o + 2*o = 58. Suppose z - 5*z = b. Let r(m) = -3*m - 4. What is the units digit of r(z)?
8
Let g(q) = 4*q - 1. Let b be g(-1). Let n = b - -10. Suppose -4*t - 5*i + 33 = 0, -n*t - 3*i - 19 = -57. What is the units digit of t?
7
What is the tens digit of 2634/24 - (-6)/(-8)?
0
Let q = 21 + -18. Suppose -65 = q*f - 8*f. What is the tens digit of f?
1
Let j = -7 + 6. Let b be -4*3/1*j. Let r = 28 - b. What is the tens digit of r?
1
Let j = -59 + 82. What is the units digit of j?
3
Let u = -70 - 7. Let l = -42 - u. Suppose 2*g = -3*g + 5*c + l, 0 = 4*g - 2*c - 36. What is the tens digit of g?
1
Let b = -561 + 908. What is the units digit of b?
7
Let c = 41 - 22. What is the units digit of c?
9
Let m(k) = -k**2 + 8*k + 11. Let g(t) = -t**3 + 9*t**2 - 6*t - 7. Let h be g(8). Let u be m(h). What is the units digit of (1 - -3)/(0 + u)?
2
Let o = -19 + 19. Suppose 0 = 3*h + 2*g - 34, o = h + 3*g + 2*g + 6. What is the units digit of h?
4
Let x be (-80)/(-13) - (-6)/(-39). Let n(i) be the second derivative of i**4/12 - i**3 + 2*i**2 + i. What is the units digit of n(x)?
4
What is the tens digit of ((-5)/15)/(1/(-57))?
1
Let k = 5 - 2. Let t(f) = 3*f**2 + 18*f - f**3 + f**2 - 20*f + 0*f**2. What is the units digit of t(k)?
3
Let 